hen 26946015 is divided by 183.
180
What is the remainder when 327486467 is divided by 85?
82
What is the remainder when 2806260 is divided by 280626?
0
Calculate the remainder when 229745 is divided by 3844.
2949
What is the remainder when 70954 is divided by 74?
62
What is the remainder when 112288022 is divided by 149518?
4
Calculate the remainder when 189722 is divided by 63202.
116
Calculate the remainder when 8638732 is divided by 4786.
2
What is the remainder when 25088133 is divided by 21?
0
Calculate the remainder when 85811 is divided by 42315.
1181
Calculate the remainder when 1441434 is divided by 267.
168
What is the remainder when 924782 is divided by 184956?
2
What is the remainder when 14208348 is divided by 7104141?
66
What is the remainder when 359590 is divided by 59779?
916
What is the remainder when 71339722 is divided by 55?
47
What is the remainder when 49282 is divided by 2142?
16
What is the remainder when 62229 is divided by 1298?
1223
What is the remainder when 23969360 is divided by 2717?
2703
Calculate the remainder when 3865092 is divided by 1325.
67
Calculate the remainder when 2017624 is divided by 405.
319
What is the remainder when 152911055 is divided by 14?
3
Calculate the remainder when 12911 is divided by 2997.
923
What is the remainder when 179209 is divided by 27?
10
Calculate the remainder when 60821 is divided by 19037.
3710
Calculate the remainder when 25255515 is divided by 721586.
5
What is the remainder when 10603782 is divided by 78?
72
What is the remainder when 60582 is divided by 4977?
858
What is the remainder when 123375 is divided by 146?
5
What is the remainder when 5162409 is divided by 245828?
21
Calculate the remainder when 54017684 is divided by 3105.
3104
Calculate the remainder when 75865572 is divided by 77.
13
What is the remainder when 499497635 is divided by 89?
87
Calculate the remainder when 16530041 is divided by 37.
32
Calculate the remainder when 362744 is divided by 727.
698
What is the remainder when 1276559 is divided by 242?
9
Calculate the remainder when 1140890 is divided by 105.
65
What is the remainder when 15048151 is divided by 111?
103
What is the remainder when 1370185 is divided by 7288?
41
What is the remainder when 17723767 is divided by 1188?
1183
Calculate the remainder when 5348678 is divided by 65227.
64
What is the remainder when 966846 is divided by 966704?
142
What is the remainder when 1160626 is divided by 179?
169
What is the remainder when 1497365 is divided by 53?
9
What is the remainder when 498589 is divided by 23741?
28
What is the remainder when 41519718 is divided by 911?
893
What is the remainder when 19982 is divided by 19868?
114
What is the remainder when 1429913 is divided by 4583?
17
What is the remainder when 2179082 is divided by 2210?
22
Calculate the remainder when 994118 is divided by 14391.
1139
What is the remainder when 149048168 is divided by 2371?
2366
Calculate the remainder when 174079 is divided by 672.
31
What is the remainder when 94622 is divided by 9433?
292
Calculate the remainder when 24267103 is divided by 8089021.
40
Calculate the remainder when 38961933 is divided by 473.
450
What is the remainder when 1740081 is divided by 1205?
61
Calculate the remainder when 593304 is divided by 875.
54
Calculate the remainder when 3712904 is divided by 928213.
52
Calculate the remainder when 453329 is divided by 31.
16
What is the remainder when 145368 is divided by 7061?
4148
Calculate the remainder when 2740274 is divided by 3242.
784
Calculate the remainder when 441734 is divided by 1212.
566
What is the remainder when 606515139 is divided by 220?
219
Calculate the remainder when 4727000 is divided by 114.
104
Calculate the remainder when 1386610 is divided by 7415.
5
Calculate the remainder when 21281363 is divided by 30.
23
What is the remainder when 1742671 is divided by 9319?
18
What is the remainder when 26969823 is divided by 754?
751
Calculate the remainder when 7243601 is divided by 331.
328
Calculate the remainder when 3798114 is divided by 103.
92
What is the remainder when 861750 is divided by 2347?
401
Calculate the remainder when 4551039 is divided by 368.
351
What is the remainder when 8342714 is divided by 33106?
2
What is the remainder when 248028 is divided by 736?
732
Calculate the remainder when 266374 is divided by 132641.
1092
Calculate the remainder when 31488191 is divided by 212758.
7
What is the remainder when 102285 is divided by 389?
367
Calculate the remainder when 335953 is divided by 266.
261
Calculate the remainder when 3637585 is divided by 3.
1
Calculate the remainder when 86724 is divided by 1116.
792
What is the remainder when 18462 is divided by 15906?
2556
What is the remainder when 23188450 is divided by 78?
64
Calculate the remainder when 29538796 is divided by 9.
4
Calculate the remainder when 1602525 is divided by 626.
591
What is the remainder when 2377668 is divided by 1049?
634
Calculate the remainder when 425322 is divided by 155.
2
What is the remainder when 8067846 is divided by 23?
21
What is the remainder when 124498599 is divided by 20?
19
What is the remainder when 282260783 is divided by 35?
28
What is the remainder when 4067189 is divided by 24501?
23
Calculate the remainder when 7976635 is divided by 41.
3
Calculate the remainder when 9351974 is divided by 137.
80
What is the remainder when 109017 is divided by 5139?
1098
Calculate the remainder when 36528449 is divided by 54277.
28
What is the remainder when 99663071 is divided by 1555?
11
Calculate the remainder when 20358547 is divided by 78.
1
What is the remainder when 4035456 is divided by 1770?
1626
Calculate the remainder when 87162 is divided by 86364.
798
Calculate the remainder when 43991839 is divided by 11231.
12
Calculate the remainder when 1980798 is divided by 298.
290
Calculate the remainder when 1878093 is divided by 18.
9
What is the remainder when 1856344 is divided by 638?
402
Calculate the remainder when 7315795 is divided by 38.
35
Calculate the remainder when 1983960 is divided by 60.
0
Calculate the remainder when 323471 is divided by 107510.
941
What is the remainder when 1310205 is divided by 96?
93
What is the remainder when 111907 is divided by 10950?
2407
Calculate the remainder when 33196 is divided by 233.
110
Calculate the remainder when 13518804 is divided by 3379701.
0
Calculate the remainder when 15752128 is divided by 265.
263
Calculate the remainder when 104246 is divided by 548.
126
Calculate the remainder when 2797648 is divided by 465959.
1894
What is the remainder when 21805580 is divided by 1557540?
20
What is the remainder when 312093737 is divided by 49?
46
Calculate the remainder when 1795466 is divided by 269.
160
What is the remainder when 3605327 is divided by 215?
207
Calculate the remainder when 860666 is divided by 467.
452
Calculate the remainder when 453033436 is divided by 363.
361
Calculate the remainder when 64382251 is divided by 906792.
19
Calculate the remainder when 22622101 is divided by 69.
37
Calculate the remainder when 699670 is divided by 174795.
490
Calculate the remainder when 10918496 is divided by 22.
6
Calculate the remainder when 21207583 is divided by 35.
33
Calculate the remainder when 215035 is divided by 2312.
19
What is the remainder when 105108 is divided by 26265?
48
What is the remainder when 54525628 is divided by 285?
283
What is the remainder when 91685373 is divided by 4074?
3
Calculate the remainder when 223824 is divided by 1493.
1367
Calculate the remainder when 748626 is divided by 3068.
34
Calculate the remainder when 635693 is divided by 158881.
169
What is the remainder when 5990231 is divided by 66558?
11
What is the remainder when 4698 is divided by 1856?
986
Calculate the remainder when 9244871 is divided by 44.
31
Calculate the remainder when 1488257 is divided by 31.
9
What is the remainder when 627495 is divided by 156361?
2051
Calculate the remainder when 11867452 is divided by 1861.
1716
What is the remainder when 659769 is divided by 8466?
7887
What is the remainder when 210799 is divided by 281?
49
Calculate the remainder when 43256704 is divided by 18.
4
What is the remainder when 10784063 is divided by 135?
128
What 